+ f. Let q(g) = -1 + g + 4*g + c*g - 6*g. What is q(3)?
2
Let j(t) = -t**2 + 2*t + 11. Let b be ((-16)/(-3))/(((-196)/(-252))/((-21)/18)). Determine j(b).
-69
Let y(a) be the second derivative of 0 + 2/3*a**3 - 1/24*a**5 + 1/6*a**4 + 0*a**2 - 12*a - 1/360*a**6. Let h(d) be the second derivative of y(d). What is h(-6)?
-2
Let x(q) = 14*q + 138. Let l(f) = 2*f + 18. Let u(r) = 5*l(r) - x(r). Calculate u(-13).
4
Let n(p) be the second derivative of p**3 + 22*p**2 - 821*p - 1. Calculate n(-8).
-4
Let d = -6 + 19. Suppose 8*i + 1 = 10*i + 5*r, 4*i - 2*r = 14. Let g(u) = u + i*u + d - 17 - 3*u. Give g(-5).
-9
Let m(b) = -b. Let y(h) = -h. Let q(o) = o**3 + 12*o**2 + 20*o + 2. Let l be q(-10). Let u(t) = l*y(t) - 3*m(t). What is u(-1)?
-1
Suppose 5*r = 5*z - 230, r = -3*z + 85 + 41. Let k(w) = -z*w**2 + 14*w**2 + 14*w**2 + 8*w + 16*w**2 - 6. Determine k(-8).
-6
Let a(h) be the second derivative of -7*h**3/6 - 2*h**2 - h. Suppose 6*k + 14510 = 14492. Determine a(k).
17
Let p = 399 + -397. Suppose -6*z + 18 = 3*i - p*z, 4*i = 2*z + 24. Let a(o) = -2*o + 8. Determine a(i).
-4
Let u = -1 - -3. Let k = 432 - 336. Let w(i) = k - 2*i - 2*i + 2*i - 95 - i**2. Calculate w(u).
-7
Let g(a) be the third derivative of a**4/24 - a**3/6 + 1213*a**2. Calculate g(2).
1
Let p(g) = 182*g**2 - g - 4. Let w be p(0). Let t(n) = 8*n**2 - 6*n - 5. Calculate t(w).
147
Let h(y) = 5*y**2 + 3 + 0*y**2 + y**2 + y**3 - y. Let n be (2 - 7) + -2*7/14. Let i be (n/(-8))/3 + (-25)/4. Determine h(i).
9
Let c(z) be the second derivative of -z**5/20 + 7*z**4/6 - z**3/3 - 15*z**2/2 - 5608*z. What is c(14)?
-43
Let s = -35 - -34. Let u(j) = j - 1. Let t(p) = -p**2 + 8*p + 4. Let f(q) = s*t(q) - 4*u(q). Calculate f(12).
0
Let a(i) = 5*i**2 - 10*i - 11. Let w(k) = 6*k**2 - 10*k - 11. Suppose -4*n = -5*s - 9*n + 30, 5*s + n - 34 = 0. Let q(x) = s*a(x) - 6*w(x). Give q(-8).
5
Let z(d) = -176930*d**2 + 796*d + 4 - 2*d**3 + 176933*d**2 - 798*d. Suppose h + 5*i = 13, -2*i + 3*i + 1 = h. Give z(h).
-29
Let o be -2 + (-1)/((-3)/9). Let d(l) be the first derivative of 8/3*l**3 - 1/2*l**2 - 98 + l. Determine d(o).
8
Let t = 40 + -15. Let v = t - 28. Let a(o) = -o**3 - 2*o**2 + 2. Determine a(v).
11
Let f(n) be the third derivative of n**5/30 + n**4 + 13*n**3/6 - 3*n**2 + 404. Calculate f(-12).
13
Suppose -3*h - 20 = 2*h, i - 14 = 3*h. Suppose x - 3*x + 8 = 4*q, i*q = -2*x. Let u be (3 - (5 - q)) + 2. Let t(b) = -b**2 + 3*b - 5. Determine t(u).
-9
Let s(g) = -2*g**2 - 7*g + 3. Suppose 271*i = 266*i - 180. Let w be (i/(-42))/(1/(-7)). Determine s(w).
-27
Let d(g) be the third derivative of -g**5/12 - 11*g**4/24 - 4*g**3/3 + 1564*g**2. What is d(-4)?
-44
Let z(o) = o**2 + 51*o + 21. Let d(v) = -21*v - 1. Let l(p) = 3*d(p) + z(p). What is l(4)?
-14
Let s(z) = z**3 - 2*z**2 + z - 3. Let v(b) be the first derivative of 11*b**2/2 + 57*b + 40. Let w be v(-5). What is s(w)?
-1
Let u(o) = 11*o**3 + 30*o**2 + 12*o - 9. Let m(x) = -4*x**3 - 12*x**2 - 4*x + 3. Let w(k) = 8*m(k) + 3*u(k). What is w(5)?
-8
Let f(r) = r**2 - 5*r - 4. Let z be f(6). Let p(m) = -z*m + 0*m + 3*m + 3. Let l = -47015 - -47010. What is p(l)?
-2
Let w = 8259 - 8291. Let h(c) = -c**3 - 32*c**2 + 2*c + 76. Determine h(w).
12
Let p(z) = -4*z + 9. Suppose -y - 2*q - 8 + 9 = 0, -4*q + 7 = 3*y. Determine p(y).
-11
Suppose 36 - 5 = -3*l - 4*i, -41 = 4*l + 5*i. Let k(t) = 3*t + 20. Give k(l).
-7
Let k = 0 + 7. Let q(p) = -2*p + 0*p - k + 7 + 2 - p**2. Suppose 72 = -26*s - 58. Calculate q(s).
-13
Let k(q) be the second derivative of q**3 - 28*q**2 + 3*q - 670. Determine k(13).
22
Let l(x) = -x**3 + 5*x**2 + 2*x - 6. Let j be 0/(-6 + (8 - 6)) + 5. Determine l(j).
4
Suppose -3*z - 405 = -8*z. Let c be z/(-18)*(-2)/3. Let o(r) = 1 - 7*r**2 - r**c + 106*r - 106*r. Calculate o(-7).
1
Let o = 199417/12 - 16618. Let s(l) be the third derivative of o*l**4 + 18*l**2 + 0*l - 3/2*l**3 + 0. Determine s(6).
3
Let q(k) be the second derivative of 59*k + 2*k**2 - k**3 + k**2 + k**2 - 5*k**2. What is q(-1)?
4
Let f(q) = -q**3 - 13*q**2 - 13*q + 27. Let w = -6339 - -6327. Determine f(w).
39
Suppose t = 106 + 76 - 131. Let g(i) = 2*i**2 - 104*i + 107. Calculate g(t).
5
Let c(j) = j**2 + 3*j - 2. Suppose -30 = -l - 3*q - 2*q, 0 = -4*l + 2*q + 10. Suppose 4*g = -4, n + n - 3*g + l = 0. What is c(n)?
2
Let l(q) = 7*q**2 + q + 1. Suppose 3 = -7*x + 6*x. Let m(d) = -5*d**2 + 0*d + 8*d**2 - 8*d + 2 - 6*d**2. Let y be m(x). Give l(y).
7
Let x = 126 + -125. Let j = 7 - 3. Suppose j*l = n - 0 + x, 5 = -5*n + 2*l. Let b(c) = 7*c**3 - 2*c**2 - 2*c - 1. Determine b(n).
-8
Let y(b) = 89*b + 25. Let h(s) = 47*s. Let j(p) = -2*h(p) + y(p). Determine j(15).
-50
Let u(k) = -8*k**2 + 16*k + 43. Let c(h) = 6*h**2 - 21*h - 44. Let j(o) = -3*c(o) - 2*u(o). What is j(17)?
-5
Let y(h) = h**2 + 6*h + 12. Suppose 55*r - 5*r - 45750 = 0. Let c = r + -923. Calculate y(c).
28
Let s(c) = c**3 + 86*c**2 + 319*c - 739. Let d be s(-82). Let o(p) = -11*p**3 - p**2 + 2*p + 2. What is o(d)?
10
Let o = -15 + 22. Suppose -2 = 5*g - o*g. Let k(n) be the second derivative of 3*n**5/5 - n**2/2 - 19*n. Give k(g).
11
Suppose -2 = -2*n + 18. Let m(k) = -6 + k**2 - n - 1589*k + 1581*k. Let z be m(-2). Let a(v) = -5*v - 5. Determine a(z).
-25
Let q(z) = -17*z + 42. Let m be 5 - ((-32)/(-18) - 2)*(-3 - 6). Determine q(m).
-9
Suppose 0 = 55*g - 51*g - 44. Let v(d) be the third derivative of d**4/12 - 2*d**3 - 3*d**2 - 4*d. Determine v(g).
10
Let v(z) be the third derivative of -1/12*z**4 + 1/12*z**5 + 0*z + 96*z**2 - 1/6*z**3 + 0. Determine v(-1).
6
Let a(n) = 15*n**3 - 2*n**2 + 7*n - 10. Let u(i) = -19*i**3 + 4*i**2 - 6*i + 11. Let g(l) = -5*a(l) - 4*u(l). Determine g(8).
46
Let z(g) = -2*g**2 + 29*g - 62. Suppose 80*i + 9 = 169. Determine z(i).
-12
Let h = -857 + 853. Let n(o) = -o**3 - 5*o**2 - 3*o + 2. What is n(h)?
-2
Suppose -10 = 2*m, 3*n - n = 5*m + 31. Let k(q) = 13*q - 9. Let c be k(n). Let z(b) = -b + 6. Let y(h) = -1. Let p(t) = c*y(t) + 5*z(t). Determine p(-3).
15
Let y(g) = -26*g**2 - 39*g + 37. Let h(z) = -13*z**2 - 18*z + 17. Let s(o) = -13*h(o) + 6*y(o). Give s(-1).
14
Let f(m) = 4*m**2 - m**3 + 32 + 22*m - 47*m**2 + 21*m**2 + 12*m**3. Let i(l) = -7*l**3 + 15*l**2 - 15*l - 21. Let y(o) = -5*f(o) - 8*i(o). Determine y(9).
17
Let p(r) be the third derivative of r**5/20 - r**4/4 + 7*r**3/6 - 1284*r**2. Determine p(0).
7
Let d(g) be the first derivative of -g**6/360 + g**5/120 - g**4/12 + g**3/3 + 2*g - 96. Let l(i) be the third derivative of d(i). Determine l(2).
-4
Let w(d) = -332*d - 18. Let o(k) = -1164*k - 55. Let n(i) = 4*o(i) - 14*w(i). Calculate n(3).
8
Let m(b) = -3*b - 1. Let n(h) = -2*h + 3. Let v be n(5). Let y(p) = 4*p + 238. Let j be y(-57). Let a = j + v. Calculate m(a).
-10
Let p(k) = k**2 + 9*k + 13. Let b be (-13)/1 + (-1 - (24 - 29)). Give p(b).
13
Let u(a) = a**3 - a**2 - 2*a - 2. Let t(s) = s**2 + s - 3. Let r(i) = -2*i**2 - 2*i + 7. Let m(y) = 3*r(y) + 7*t(y). Let k(h) = 4*m(h) - u(h). What is k(6)?
2
Let g(c) = c + 21. Suppose 0 = 5*j - 3*v - 19, 9*v = 2*j + 6*v - 4. What is g(j)?
26
Let p(c) = -38 + c**2 + 86*c - 284*c + 206*c. Give p(-11).
-5
Suppose 230 - 2157 = -176*z + 1241. Let b(i) = i**3 - 17*i**2 - 17*i - 3. Give b(z).
15
Let n(k) be the first derivative of 3*k**2 + 349. Give n(4).
24
Suppose 1917 = -9*m + 1935. Let u(c) be the second derivative of c**3 - 1/2*c**m + 1/12*c**4 + 0 - 3*c. Give u(-6).
-1
Let k be -2*(-1 + 0) + 0. Let i(j) = 8*j - 29. Let h be i(4). Let o(m) = 2*m**h - 3*m**3 + 115*m - 117*m + 1. Determine o(k).
-11
Let i(r) = -r**3 + 23*r**2 + 4*r - 89. Let d be i(23). Let k(c) = 0 + 30*c + 30*c - 61*c + d. What is k(5)?
-2
Let s(b) = b - 14. Let o(c) = c - 14. Let v = 529 + -525. Let u(f) = v*o(f) - 3*s(f). Give u(9).
-5
Let h(n) = 2*n + 2*n**2 - n**3 - 2 - 5*n**2 - 2. Let i be 2370/210 + -11 + (-60)/14. Calculate h(i).
4
Let r(d) = 43*d**2 - 107*d**3 - 14 + 110*d**3 + d + 15 - 43*d**2. Let u(t) = t**2 + 8*t + 6. Let k be u(-7). Determine r(k).
-3
Let l(o) = o**2 + o - 311. Let a be l(17). Let c(b) = 25*b + 125. Give c(a).
0
Let q(j) = j**3 + 2*j**2 - 2*j. Let r = 505 - 495. Suppose 0 = -4*b - 9*h + 5*h + 16, -3*b - 2*h = -r. Determine q(b).
12
Suppose -p = 2*j - 9, 0 = -4*p - 2*j - 2*j + 28. Let y(g) = -4*g + 3 + 7*g - p - 15. Determine y(7).
4
S